?
7, 11684597
What are the prime factors of 1577035710?
2, 3, 5, 23, 253951
List the prime factors of 12631015.
5, 47, 59, 911
What are the prime factors of 10409373?
3, 13, 88969
What are the prime factors of 23654329?
23654329
List the prime factors of 45974049.
3, 11, 137, 10169
List the prime factors of 892621460.
2, 5, 571, 78163
What are the prime factors of 842392395?
3, 5, 13, 251, 5737
List the prime factors of 226528447.
226528447
List the prime factors of 111890408.
2, 7, 31, 64453
List the prime factors of 54871346.
2, 79, 347287
What are the prime factors of 255978590?
2, 5, 7, 3656837
What are the prime factors of 1692085286?
2, 18719, 45197
List the prime factors of 522088880.
2, 5, 79, 82609
List the prime factors of 11260932.
2, 3, 29, 32359
What are the prime factors of 444258581?
13, 2628749
List the prime factors of 605625320.
2, 5, 97, 156089
List the prime factors of 3787243672.
2, 473405459
List the prime factors of 90966158.
2, 601, 75679
List the prime factors of 154607607.
3, 7, 11, 223099
What are the prime factors of 85209722?
2, 13, 3277297
List the prime factors of 85709526.
2, 3, 7, 41647
What are the prime factors of 3780573929?
11, 919, 373981
What are the prime factors of 618455906?
2, 6481, 47713
List the prime factors of 106848068.
2, 2237, 11941
What are the prime factors of 2201045268?
2, 3, 53, 59, 58657
What are the prime factors of 356448439?
356448439
What are the prime factors of 540798682?
2, 139, 1945319
What are the prime factors of 139143023?
19, 7323317
What are the prime factors of 34890616?
2, 1129, 3863
List the prime factors of 1896788233.
181, 1321, 7933
List the prime factors of 3783078418.
2, 7, 38602841
List the prime factors of 67608039.
3, 269, 83777
What are the prime factors of 353867257?
17, 1399, 14879
What are the prime factors of 22477600?
2, 5, 28097
What are the prime factors of 30273551?
7, 11, 109, 3607
List the prime factors of 57659680.
2, 5, 13, 19, 1459
List the prime factors of 3540721497.
3, 19, 62117921
List the prime factors of 872734121.
7, 2381, 52363
List the prime factors of 42504618.
2, 3, 13, 41, 13291
List the prime factors of 253395375.
3, 5, 41, 16481
What are the prime factors of 4329278530?
2, 5, 432927853
List the prime factors of 72020977.
7, 239, 43049
List the prime factors of 1988943481.
7, 284134783
List the prime factors of 91511757.
3, 101, 100673
List the prime factors of 1076769820.
2, 5, 7, 7691213
What are the prime factors of 60269206?
2, 30134603
What are the prime factors of 3307493033?
13, 1667, 152623
What are the prime factors of 155183651?
7, 22169093
List the prime factors of 145601159.
11, 47, 281627
What are the prime factors of 170862073?
170862073
List the prime factors of 1289616401.
83, 401, 38747
What are the prime factors of 2387541168?
2, 3, 173, 239, 401
What are the prime factors of 113146603?
29, 157, 24851
What are the prime factors of 26858307?
3, 7, 31, 41257
List the prime factors of 141468558.
2, 3, 7, 11, 306209
What are the prime factors of 139032417?
3, 761, 60899
List the prime factors of 9435614.
2, 29, 162683
What are the prime factors of 90785203?
90785203
List the prime factors of 263801810.
2, 5, 4129, 6389
List the prime factors of 290974731.
3, 89, 1089793
What are the prime factors of 13197651?
3, 59, 173, 431
List the prime factors of 27191278.
2, 31, 438569
List the prime factors of 92895378.
2, 3, 17, 241, 3779
List the prime factors of 31142009.
113, 275593
List the prime factors of 88075186.
2, 44037593
What are the prime factors of 279000966?
2, 3, 127, 281, 1303
List the prime factors of 66632115.
3, 5, 11, 403831
List the prime factors of 3504231954.
2, 3, 937, 207769
List the prime factors of 54706716.
2, 3, 1519631
What are the prime factors of 906000303?
3, 13, 1187, 19571
What are the prime factors of 80279336?
2, 31, 323707
What are the prime factors of 24595170?
2, 3, 5, 641, 1279
List the prime factors of 374311662.
2, 3, 62385277
What are the prime factors of 62331843?
3, 7, 17, 174599
List the prime factors of 17683156.
2, 29, 152441
What are the prime factors of 1513146491?
19, 79639289
What are the prime factors of 355462333?
17, 41, 509989
What are the prime factors of 24431407?
7, 11, 13, 24407
List the prime factors of 39357096.
2, 3, 1639879
What are the prime factors of 1281201797?
113, 157, 257, 281
What are the prime factors of 285773946?
2, 3, 19, 29, 86441
List the prime factors of 11094287.
541, 20507
List the prime factors of 742989991.
43, 263, 65699
What are the prime factors of 1483802649?
3, 7, 23552423
What are the prime factors of 2105807544?
2, 3, 17, 19, 10061
What are the prime factors of 404688195?
3, 5, 8993071
What are the prime factors of 79851081?
3, 26617027
List the prime factors of 136338943.
13, 10487611
List the prime factors of 30047397.
3, 1723, 5813
List the prime factors of 20005192.
2, 17, 147097
What are the prime factors of 6377749731?
3, 71, 569, 1949
What are the prime factors of 101550730?
2, 5, 31, 327583
What are the prime factors of 1318249792?
2, 19, 1084087
List the prime factors of 1403176175.
5, 17, 3301591
What are the prime factors of 48797954?
2, 41, 595097
List the prime factors of 76854710.
2, 5, 797, 9643
List the prime factors of 4492510232.
2, 7, 53, 71, 21319
List the prime factors of 53169164.
2, 337, 39443
List the prime factors of 2572762134.
2, 3, 353, 439, 2767
List the prime factors of 10706230.
2, 5, 223, 4801
List the prime factors of 82629506.
2, 41314753
What are the prime factors of 157928520?
2, 3, 5, 1316071
What are the prime factors of 2379947114?
2, 1189973557
What are the prime factors of 124829845?
5, 7, 317, 11251
What are the prime factors of 3591698130?
2, 3, 5, 31, 1287347
List the prime factors of 1341138272.
2, 149, 281279
What are the prime factors of 454480352?
2, 823, 17257
What are the prime factors of 2508834458?
2, 13, 1913, 50441
What are the prime factors of 198191386?
2, 43, 47, 49033
List the prime factors of 31930340.
2, 5, 13, 127, 967
What are the prime factors of 176745055?
5, 41, 862171
What are the prime factors of 138709324?
2, 13, 17, 173, 907
List the prime factors of 482517385.
5, 7, 79, 109, 1601
List the prime factors of 191395806.
2, 3, 7, 4557043
What are the prime factors of 282703930?
2, 5, 43, 657451
What are the prime factors of 1219504937?
7, 11069, 15739
What are the prime factors of 86738602?
2, 67, 647303
List the prime factors of 532914921.
3, 7, 11, 701, 1097
List the prime factors of 34657801.
179, 193619
List the prime factors of 116904519.
3, 4329797
List the prime factors of 122863325.
5, 13, 378041
List the prime factors of 467922666.
2, 3, 77987111
What are the prime factors of 249752451?
3, 13, 599, 10691
What are the prime factors of 383516665?
5, 7, 41, 267259
List the prime factors of 1502484312.
2, 3, 7, 8943359
List the prime factors of 2288560962.
2, 3, 381426827
What are the prime factors of 129684218?
2, 64842109
List the prime factors of 4037828601.
3, 29, 101, 459523
What are the prime factors of 185785986?
2, 3, 30964331
What are the prime factors of 23254365?
3, 5, 89, 17419
List the prime factors of 97285912.
2, 439, 27701
What are the prime factors of 553154163?
3, 19, 23, 53, 419
List the prime factors of 528149870.
2, 5, 149, 354463
What are the prime factors of 87502302?
2, 3, 1620413
List the prime factors of 637513921.
11, 1453, 39887
List the prime factors of 544673612.
2, 7, 757, 3671
What are the prime factors of 335124763?
1489, 225067
List the prime factors of 998543285.
5, 103, 613, 3163
List the prime factors of 480952989.
3, 11, 4858111
List the prime factors of 482383059.
3, 61, 2635973
List the prime factors of 22324338.
2, 3, 1240241
List the prime factors of 17025313.
17, 23, 43543
List the prime factors of 2887413.
3, 962471
What are the prime factors of 138450978?
2, 3, 2563907
What are the prime factors of 31803973?
839, 37907
List the prime factors of 273704483.
13, 139, 167, 907
List the prime factors of 1073869020.
2, 3, 5, 7, 137, 6221
What are the prime factors of 36263988?
2, 3, 139, 7247
List the prime factors of 30317656.
2, 3789707
What are the prime factors of 8883078068?
2, 17, 101, 1293401
What are the prime factors of 837